{"id":202,"date":"2025-12-23T08:06:14","date_gmt":"2025-12-23T07:06:14","guid":{"rendered":"https:\/\/meitob.bplaced.net\/kroatien\/?page_id=202"},"modified":"2025-12-23T08:06:14","modified_gmt":"2025-12-23T07:06:14","slug":"highlights-von-kroatien","status":"publish","type":"page","link":"https:\/\/meitob.bplaced.net\/kroatien\/highlights-von-kroatien\/","title":{"rendered":"Highlights von Kroatien"},"content":{"rendered":"\n<div class=\"wp-block-cover alignfull is-light has-parallax\"><div class=\"wp-block-cover__image-background wp-image-76 size-large has-parallax\" style=\"background-position:50% 50%;background-image:url(https:\/\/meitob.bplaced.net\/kroatien\/wp-content\/uploads\/2025\/11\/budikovac-1024x576.jpg)\"><\/div><span aria-hidden=\"true\" class=\"wp-block-cover__background has-background-dim-40 has-background-dim\" style=\"background-color:#7696c2\"><\/span><div class=\"wp-block-cover__inner-container has-global-padding is-layout-constrained wp-block-cover-is-layout-constrained\">\n<p class=\"has-text-align-center has-large-font-size\">Kroatien bietet seinen G\u00e4sten neben traumhaften Str\u00e4nden, unz\u00e4hligen Sonnenstunden und klarem Wasser auch unverwechselbare K\u00fcstenst\u00e4dte, vielf\u00e4ltige Naturlandschaften, die ihresgleichen suchen und epochale Geb\u00e4ude.<\/p>\n<\/div><\/div>\n\n\n\n<div class=\"wp-block-group alignfull has-global-padding is-layout-constrained wp-container-core-group-is-layout-0c9c989a wp-block-group-is-layout-constrained\" style=\"min-height:0vh;margin-top:0;margin-bottom:0;padding-top:var(--wp--preset--spacing--70);padding-right:var(--wp--preset--spacing--40);padding-bottom:var(--wp--preset--spacing--70);padding-left:var(--wp--preset--spacing--40)\">\n<div class=\"wp-block-group has-global-padding is-layout-constrained wp-container-core-group-is-layout-346627ba wp-block-group-is-layout-constrained\">\n<h2 class=\"wp-block-heading has-text-align-center has-xx-large-font-size\" style=\"margin-right:0;margin-left:0;padding-right:0;padding-left:0\">Kroatien besuchen<\/h2>\n\n\n\n<p class=\"has-text-align-center\">Kroatien z\u00e4hlt j\u00e4hrlich tausende Besucher:innen aus aller Welt. Bei einem Spaziergang durch die kroatischen St\u00e4dte werden diese nicht selten Zeuge der \u00fcber tausendj\u00e4hrigen Geschichte des Landes, die sich in zahlreichen Kirchen, Museen und historischen Bauwerken widerspiegelt. Sogar auf der Liste des UNESCO-Weltkulturerbes stehen einige der auserlesensten Werke. Jede Region und jede Stadt haben ihre einzelnen Sehensw\u00fcrdigkeiten, die es zu erkunden gilt und die auf jeden Fall einen Besuch wert sind.<\/p>\n<\/div>\n<\/div>\n\n\n\n<div class=\"wp-block-group alignfull is-style-section-1 has-global-padding is-layout-constrained wp-block-group-is-layout-constrained is-style-section-1--1\" style=\"margin-top:0;margin-bottom:0;padding-top:var(--wp--preset--spacing--80);padding-bottom:var(--wp--preset--spacing--80)\">\n<div class=\"wp-block-columns alignwide is-layout-flex wp-container-core-columns-is-layout-66fad18a wp-block-columns-is-layout-flex\">\n<div class=\"wp-block-column is-layout-flow wp-block-column-is-layout-flow\" style=\"padding-right:var(--wp--preset--spacing--50);flex-basis:45%\">\n<figure class=\"wp-block-image size-full\"><img loading=\"lazy\" decoding=\"async\" width=\"2560\" height=\"1707\" src=\"https:\/\/meitob.bplaced.net\/kroatien\/wp-content\/uploads\/2025\/11\/dubrovnik.jpg\" alt=\"\" class=\"wp-image-77\" srcset=\"https:\/\/meitob.bplaced.net\/kroatien\/wp-content\/uploads\/2025\/11\/dubrovnik.jpg 2560w, https:\/\/meitob.bplaced.net\/kroatien\/wp-content\/uploads\/2025\/11\/dubrovnik-300x200.jpg 300w, https:\/\/meitob.bplaced.net\/kroatien\/wp-content\/uploads\/2025\/11\/dubrovnik-1024x683.jpg 1024w, https:\/\/meitob.bplaced.net\/kroatien\/wp-content\/uploads\/2025\/11\/dubrovnik-768x512.jpg 768w, https:\/\/meitob.bplaced.net\/kroatien\/wp-content\/uploads\/2025\/11\/dubrovnik-1536x1024.jpg 1536w, https:\/\/meitob.bplaced.net\/kroatien\/wp-content\/uploads\/2025\/11\/dubrovnik-2048x1366.jpg 2048w\" sizes=\"auto, (max-width: 2560px) 100vw, 2560px\" \/><figcaption class=\"wp-element-caption\">Altstadt von Dubrovnik<\/figcaption><\/figure>\n\n\n\n<div class=\"wp-block-group has-global-padding is-layout-constrained wp-block-group-is-layout-constrained\" style=\"margin-top:-12vw\">\n<figure class=\"wp-block-image alignright size-full is-resized\" style=\"margin-right:-5vw;margin-left:-5vw\"><img loading=\"lazy\" decoding=\"async\" width=\"1280\" height=\"1285\" src=\"https:\/\/meitob.bplaced.net\/kroatien\/wp-content\/uploads\/2025\/11\/krokarte-1-1.png\" alt=\"\" class=\"wp-image-180\" style=\"width:202px\" srcset=\"https:\/\/meitob.bplaced.net\/kroatien\/wp-content\/uploads\/2025\/11\/krokarte-1-1.png 1280w, https:\/\/meitob.bplaced.net\/kroatien\/wp-content\/uploads\/2025\/11\/krokarte-1-1-300x300.png 300w, https:\/\/meitob.bplaced.net\/kroatien\/wp-content\/uploads\/2025\/11\/krokarte-1-1-1020x1024.png 1020w, https:\/\/meitob.bplaced.net\/kroatien\/wp-content\/uploads\/2025\/11\/krokarte-1-1-150x150.png 150w, https:\/\/meitob.bplaced.net\/kroatien\/wp-content\/uploads\/2025\/11\/krokarte-1-1-768x771.png 768w\" sizes=\"auto, (max-width: 1280px) 100vw, 1280px\" \/><\/figure>\n<\/div>\n<\/div>\n\n\n\n<div class=\"wp-block-column is-vertically-aligned-center is-layout-flow wp-block-column-is-layout-flow\" style=\"padding-right:0;padding-left:0;flex-basis:50%\">\n<p>Dubrovnik &#8211; Perle an der Adria<\/p>\n\n\n\n<p class=\"is-style-text-subtitle has-medium-font-size is-style-text-subtitle--2\">Dubrovnik ist ein seltenes Beispiel unbeschreiblicher Sch\u00f6nheit. Besonders sehenswert ist die historische Altstadt von Dubrovnik, die auch vollkommen autofrei ist. Sie lockt jedes Jahr unz\u00e4hlige Touristen an und geh\u00f6rt seit 1979 zum UNESCO-Weltkulturerbe. Ein Teil davon sind die Stadtmauern von Dubrovnik, die 1940 Meter lang und bis zu sechs Meter dick sind. Weitere Sehensw\u00fcrdigkeiten sind die Kathedrale Mari\u00e4 Himmelfahrt, eine alte Apotheke aus dem 14. Jahrhundert und die Rolands\u00e4ule sowie der Sponza-Palast. Rund um Dubrovnik findet man auch eine gro\u00dfe Zahl von wundersch\u00f6nen Str\u00e4nden und Buchten, wie zum Beispiel den Strand Banje nahe der Altstadt.<\/p>\n<\/div>\n<\/div>\n<\/div>\n\n\n\n<div class=\"wp-block-group alignfull has-global-padding is-layout-constrained wp-container-core-group-is-layout-ebee8dc1 wp-block-group-is-layout-constrained\" style=\"margin-top:0;margin-bottom:0;padding-top:var(--wp--preset--spacing--50);padding-bottom:var(--wp--preset--spacing--50)\">\n<h2 class=\"wp-block-heading alignwide\">Unglaubliche  Natur<\/h2>\n\n\n\n<div class=\"wp-block-columns alignwide is-layout-flex wp-container-core-columns-is-layout-28f84493 wp-block-columns-is-layout-flex\">\n<div class=\"wp-block-column is-layout-flow wp-block-column-is-layout-flow\">\n<figure class=\"wp-block-image size-full\" style=\"margin-bottom:24px\"><img decoding=\"async\" src=\"https:\/\/meitob.bplaced.net\/kroatien\/wp-content\/themes\/twentytwentyfive\/assets\/images\/campanula-alliariifolia-flower.webp\" alt=\"Bild f\u00fcr die Dienstleistung\" style=\"aspect-ratio:4\/3;object-fit:cover\"\/><\/figure>\n\n\n\n<h3 class=\"wp-block-heading\">Natursch\u00f6nheiten<\/h3>\n\n\n\n<p class=\"has-medium-font-size\">In Kroatien kommen alle Naturliebhaber voll auf ihre Kosten. Auf einer Fl\u00e4che von 56.594 km\u00b2 besitzt das Land am Mittelmeer unz\u00e4hlige Natursch\u00f6nheiten, die man in einem der 8 Nationalparks und 11 weiteren Naturparks besichtigen kann. Exemplarisch sollen hier die Kornati Inseln und der Nationalpark Krka angef\u00fchrt werden.<\/p>\n<\/div>\n\n\n\n<div class=\"wp-block-column is-layout-flow wp-block-column-is-layout-flow\">\n<figure class=\"wp-block-image size-full\" style=\"margin-bottom:24px\"><img decoding=\"async\" src=\"https:\/\/meitob.bplaced.net\/kroatien\/wp-content\/themes\/twentytwentyfive\/assets\/images\/delphinium-flowers.webp\" alt=\"Bild f\u00fcr die Dienstleistung\" style=\"aspect-ratio:4\/3;object-fit:cover\"\/><\/figure>\n\n\n\n<h3 class=\"wp-block-heading\">Kornati Inseln<\/h3>\n\n\n\n<p class=\"has-medium-font-size\">Die Kornati Inseln sind ein Paradies f\u00fcr Nautiker und Taucher. Diese Inseln stellen eine Ansammlung aus 152 Inseln in unmittelbarer N\u00e4he zur Stadt Biograd dar. Das einzigartige Naturschauspiel aus einsamen Buchten, steilen Felsw\u00e4nden und der abwechslungsreichen Unterwasserwelt zieht Jahr f\u00fcr Jahr tausende von Abenteuerlustigen in seinen Bann.<\/p>\n<\/div>\n\n\n\n<div class=\"wp-block-column is-layout-flow wp-block-column-is-layout-flow\">\n<figure class=\"wp-block-image size-full\" style=\"margin-bottom:24px\"><img decoding=\"async\" src=\"https:\/\/meitob.bplaced.net\/kroatien\/wp-content\/themes\/twentytwentyfive\/assets\/images\/star-thristle-flower.webp\" alt=\"Bild f\u00fcr die Dienstleistung\" style=\"aspect-ratio:4\/3;object-fit:cover\"\/><\/figure>\n\n\n\n<h3 class=\"wp-block-heading\">Liefern<\/h3>\n\n\n\n<p class=\"has-medium-font-size\">Wie Blumen, die an unerwarteten Orten bl\u00fchen, entfaltet sich jede Geschichte mit Sch\u00f6nheit und Widerstandsf\u00e4higkeit<\/p>\n<\/div>\n<\/div>\n<\/div>\n\n\n\n<div class=\"wp-block-group alignfull has-global-padding is-layout-constrained wp-block-group-is-layout-constrained\" style=\"margin-top:0;margin-bottom:0;padding-top:var(--wp--preset--spacing--60);padding-bottom:var(--wp--preset--spacing--60)\">\n<div class=\"wp-block-columns alignwide is-layout-flex wp-container-core-columns-is-layout-74b2cda3 wp-block-columns-is-layout-flex\">\n<div class=\"wp-block-column is-layout-flow wp-block-column-is-layout-flow\">\n<div class=\"wp-block-group is-vertical is-content-justification-left is-layout-flex wp-container-core-group-is-layout-7ce391b6 wp-block-group-is-layout-flex\" style=\"min-height:100%\">\n<h2 class=\"wp-block-heading is-style-text-annotation has-x-small-font-size is-style-text-annotation--3\">Was die Leute sagen<\/h2>\n\n\n\n<blockquote class=\"wp-block-quote is-style-plain has-x-large-font-size is-layout-flow wp-container-core-quote-is-layout-5dafc681 wp-block-quote-is-layout-flow is-style-plain--4\" style=\"font-style:normal;font-weight:400\">\n<div class=\"wp-block-group has-global-padding is-content-justification-left is-layout-constrained wp-container-core-group-is-layout-085bd3d9 wp-block-group-is-layout-constrained\" style=\"margin-top:0;margin-bottom:0;padding-top:0;padding-right:0;padding-bottom:0;padding-left:0\">\n<p class=\"has-xx-large-font-size\">\u201eHervorragendes Produkt und toller Kundenservice!\u201c<\/p>\n<\/div>\n<cite>Jo Mulligan <br><sub>Atlanta, GA<\/sub><\/cite><\/blockquote>\n<\/div>\n<\/div>\n\n\n\n<div class=\"wp-block-column is-layout-flow wp-block-column-is-layout-flow\" style=\"padding-top:0;padding-right:0;padding-bottom:0;padding-left:0\">\n<figure class=\"wp-block-image size-large\"><img decoding=\"async\" src=\"https:\/\/meitob.bplaced.net\/kroatien\/wp-content\/themes\/twentytwentyfive\/assets\/images\/typewriter.webp\" alt=\"Bild einer Person, die auf einer Schreibmaschine tippt.\" style=\"aspect-ratio:1;object-fit:cover\"\/><\/figure>\n<\/div>\n<\/div>\n<\/div>\n\n\n\n<div class=\"wp-block-group alignfull has-global-padding is-layout-constrained wp-block-group-is-layout-constrained\" style=\"margin-top:0;margin-bottom:0;padding-top:var(--wp--preset--spacing--60);padding-bottom:var(--wp--preset--spacing--60)\">\n<h2 class=\"wp-block-heading alignwide has-text-align-center\">Preisgestaltung<\/h2>\n\n\n\n<p class=\"has-text-align-center\">Du kannst jederzeit abbrechen oder pausieren.<\/p>\n\n\n\n<div style=\"height:var(--wp--preset--spacing--40)\" aria-hidden=\"true\" class=\"wp-block-spacer\"><\/div>\n\n\n\n<div class=\"wp-block-columns alignwide is-layout-flex wp-container-core-columns-is-layout-1d9f35bd wp-block-columns-is-layout-flex\">\n<div class=\"wp-block-column has-border-color is-layout-flow wp-block-column-is-layout-flow\" style=\"border-color:var(--wp--preset--color--accent-6);border-width:1px;border-radius:10px;padding-top:var(--wp--preset--spacing--50);padding-right:var(--wp--preset--spacing--50);padding-bottom:var(--wp--preset--spacing--50);padding-left:var(--wp--preset--spacing--50)\">\n<h3 class=\"wp-block-heading\" id=\"free\">Kostenlos<\/h3>\n\n\n\n<p class=\"has-large-font-size\">0&nbsp;\u20ac<\/p>\n\n\n\n<ul style=\"padding-bottom:var(--wp--preset--spacing--20);padding-left:var(--wp--preset--spacing--20)\" class=\"wp-block-list is-style-checkmark-list has-small-font-size\">\n<li>Erhalte Zugang zu unseren bezahlten Artikeln und unserem w\u00f6chentlichen Newsletter.<\/li>\n\n\n\n<li>Nimm an unseren IRL-Veranstaltungen teil.<\/li>\n\n\n\n<li>Erhalte eine kostenlose Tragetasche.<\/li>\n\n\n\n<li>Eine elegante Erg\u00e4nzung der Wohnkultur-Kollektion.<\/li>\n\n\n\n<li>Tritt unseren Foren bei.<\/li>\n<\/ul>\n\n\n\n<div class=\"wp-block-buttons is-content-justification-center is-layout-flex wp-container-core-buttons-is-layout-a89b3969 wp-block-buttons-is-layout-flex\">\n<div class=\"wp-block-button has-custom-width wp-block-button__width-100\"><a class=\"wp-block-button__link wp-element-button\">Beitreten<\/a><\/div>\n<\/div>\n<\/div>\n\n\n\n<div class=\"wp-block-column has-border-color is-layout-flow wp-block-column-is-layout-flow\" style=\"border-color:var(--wp--preset--color--accent-6);border-width:1px;border-radius:10px;padding-top:var(--wp--preset--spacing--50);padding-right:var(--wp--preset--spacing--50);padding-bottom:var(--wp--preset--spacing--50);padding-left:var(--wp--preset--spacing--50)\">\n<h3 class=\"wp-block-heading\" id=\"single\">Einzeln<\/h3>\n\n\n\n<p class=\"has-large-font-size\">20&nbsp;\u20ac\/Monat<\/p>\n\n\n\n<ul style=\"padding-bottom:var(--wp--preset--spacing--20);padding-left:var(--wp--preset--spacing--20)\" class=\"wp-block-list is-style-checkmark-list has-small-font-size\">\n<li>Erhalte Zugang zu unseren bezahlten Artikeln und unserem w\u00f6chentlichen Newsletter.<\/li>\n\n\n\n<li>Nimm an unseren IRL-Veranstaltungen teil.<\/li>\n\n\n\n<li>Erhalte eine kostenlose Tragetasche.<\/li>\n\n\n\n<li>Eine elegante Erg\u00e4nzung der Wohnkultur-Kollektion.<\/li>\n\n\n\n<li>Tritt unseren Foren bei.<\/li>\n<\/ul>\n\n\n\n<div class=\"wp-block-buttons is-content-justification-center is-layout-flex wp-container-core-buttons-is-layout-a89b3969 wp-block-buttons-is-layout-flex\">\n<div class=\"wp-block-button has-custom-width wp-block-button__width-100\"><a class=\"wp-block-button__link wp-element-button\">Beitreten<\/a><\/div>\n<\/div>\n<\/div>\n<\/div>\n<\/div>\n\n\n\n<aside class=\"wp-block-group alignfull is-style-section-3 has-global-padding is-layout-constrained wp-container-core-group-is-layout-f0f2a97b wp-block-group-is-layout-constrained is-style-section-3--5\" style=\"margin-top:0;margin-bottom:0;padding-top:var(--wp--preset--spacing--50);padding-right:var(--wp--preset--spacing--50);padding-bottom:var(--wp--preset--spacing--50);padding-left:var(--wp--preset--spacing--50)\">\n<div class=\"wp-block-group is-vertical is-content-justification-center is-layout-flex wp-container-core-group-is-layout-8778ca4a wp-block-group-is-layout-flex\" style=\"min-height:360px;margin-top:0;margin-bottom:0\">\n<h2 class=\"wp-block-heading has-text-align-center has-xx-large-font-size\">Melde dich an, um t\u00e4gliche Geschichten zu erhalten<\/h2>\n\n\n\n<p class=\"has-text-align-center is-style-text-subtitle is-style-text-subtitle--6\">Erhalte Zugang zu einer kuratierten Sammlung von Momenten in der Zeit mit Fotos von historischer Bedeutung.<\/p>\n\n\n\n<div style=\"height:0px\" aria-hidden=\"true\" class=\"wp-block-spacer wp-container-content-62aae154\"><\/div>\n\n\n\n<div class=\"wp-block-buttons is-content-justification-center is-layout-flex wp-container-core-buttons-is-layout-a89b3969 wp-block-buttons-is-layout-flex\">\n<div class=\"wp-block-button\"><a class=\"wp-block-button__link has-text-align-center wp-element-button\">Abonnieren<\/a><\/div>\n<\/div>\n<\/div>\n<\/aside>\n","protected":false},"excerpt":{"rendered":"<p>Kroatien besuchen Kroatien z\u00e4hlt j\u00e4hrlich tausende Besucher:innen aus aller Welt. Bei einem Spaziergang durch die kroatischen St\u00e4dte werden diese nicht selten Zeuge der \u00fcber tausendj\u00e4hrigen Geschichte des Landes, die sich in zahlreichen Kirchen, Museen und historischen Bauwerken widerspiegelt. Sogar auf der Liste des UNESCO-Weltkulturerbes stehen einige der auserlesensten Werke. Jede Region und jede Stadt haben [&hellip;]<\/p>\n","protected":false},"author":1,"featured_media":0,"parent":0,"menu_order":0,"comment_status":"closed","ping_status":"closed","template":"","meta":{"footnotes":""},"class_list":["post-202","page","type-page","status-publish","hentry"],"_links":{"self":[{"href":"https:\/\/meitob.bplaced.net\/kroatien\/wp-json\/wp\/v2\/pages\/202","targetHints":{"allow":["GET"]}}],"collection":[{"href":"https:\/\/meitob.bplaced.net\/kroatien\/wp-json\/wp\/v2\/pages"}],"about":[{"href":"https:\/\/meitob.bplaced.net\/kroatien\/wp-json\/wp\/v2\/types\/page"}],"author":[{"embeddable":true,"href":"https:\/\/meitob.bplaced.net\/kroatien\/wp-json\/wp\/v2\/users\/1"}],"replies":[{"embeddable":true,"href":"https:\/\/meitob.bplaced.net\/kroatien\/wp-json\/wp\/v2\/comments?post=202"}],"version-history":[{"count":1,"href":"https:\/\/meitob.bplaced.net\/kroatien\/wp-json\/wp\/v2\/pages\/202\/revisions"}],"predecessor-version":[{"id":203,"href":"https:\/\/meitob.bplaced.net\/kroatien\/wp-json\/wp\/v2\/pages\/202\/revisions\/203"}],"wp:attachment":[{"href":"https:\/\/meitob.bplaced.net\/kroatien\/wp-json\/wp\/v2\/media?parent=202"}],"curies":[{"name":"wp","href":"https:\/\/api.w.org\/{rel}","templated":true}]}}